{"id":225,"date":"2021-05-22T13:34:56","date_gmt":"2021-05-22T11:34:56","guid":{"rendered":"http:\/\/devpresta.live-site.fr\/demo3\/?page_id=225"},"modified":"2021-05-22T15:21:46","modified_gmt":"2021-05-22T13:21:46","slug":"demande-de-devis","status":"publish","type":"page","link":"http:\/\/devpresta.live-site.fr\/demo3\/demande-de-devis\/","title":{"rendered":"Demande de devis"},"content":{"rendered":"\t\t<div data-elementor-type=\"wp-page\" data-elementor-id=\"225\" class=\"elementor elementor-225\" data-elementor-settings=\"[]\">\n\t\t\t\t\t\t\t<div class=\"elementor-section-wrap\">\n\t\t\t\t\t\t\t<section class=\"elementor-section elementor-top-section elementor-element elementor-element-fa77059 elementor-section-height-min-height elementor-section-boxed elementor-section-height-default elementor-section-items-middle\" data-id=\"fa77059\" data-element_type=\"section\" data-settings=\"{&quot;background_background&quot;:&quot;classic&quot;}\">\n\t\t\t\t\t\t\t<div class=\"elementor-background-overlay\"><\/div>\n\t\t\t\t\t\t\t<div class=\"elementor-container elementor-column-gap-default\">\n\t\t\t\t\t<div class=\"elementor-column elementor-col-100 elementor-top-column elementor-element elementor-element-d0116a1\" data-id=\"d0116a1\" data-element_type=\"column\">\n\t\t\t<div class=\"elementor-widget-wrap elementor-element-populated\">\n\t\t\t\t\t\t\t\t<div class=\"elementor-element elementor-element-93379b2 elementor-widget elementor-widget-heading\" data-id=\"93379b2\" data-element_type=\"widget\" data-widget_type=\"heading.default\">\n\t\t\t\t<div class=\"elementor-widget-container\">\n\t\t\t<h2 class=\"elementor-heading-title elementor-size-default\">Demandez un devis<\/h2>\t\t<\/div>\n\t\t\t\t<\/div>\n\t\t\t\t\t<\/div>\n\t\t<\/div>\n\t\t\t\t\t\t\t<\/div>\n\t\t<\/section>\n\t\t\t\t<section class=\"elementor-section elementor-top-section elementor-element elementor-element-2fa405d elementor-section-boxed elementor-section-height-default elementor-section-height-default\" data-id=\"2fa405d\" data-element_type=\"section\">\n\t\t\t\t\t\t<div class=\"elementor-container elementor-column-gap-default\">\n\t\t\t\t\t<div class=\"elementor-column elementor-col-100 elementor-top-column elementor-element elementor-element-c5c4f6f\" data-id=\"c5c4f6f\" data-element_type=\"column\">\n\t\t\t<div class=\"elementor-widget-wrap elementor-element-populated\">\n\t\t\t\t\t\t\t\t<div class=\"elementor-element elementor-element-e2ad221 elementor-widget elementor-widget-text-editor\" data-id=\"e2ad221\" data-element_type=\"widget\" data-widget_type=\"text-editor.default\">\n\t\t\t\t<div class=\"elementor-widget-container\">\n\t\t\t\t\t\t\t\t<p>\u00a0<\/p><p>Pr\u00e9ciser les sections souhait\u00e9es sur la Home, si vous voulez un module sp\u00e9cifique (prise de RDV, Blog, &#8230;), et je vous adresserai un premier devis. Nous pourrons ajuster si besoin ou partir sur une version light quitte \u00e0 ajouter des fonctionnalit\u00e9s plus tard.<br \/><br \/>Vous pouvez me laisser votre num\u00e9ro de t\u00e9l\u00e9phone si vous souhaitez que je vous rappelle, c&rsquo;est parfois plus simple d&rsquo;\u00e9changer de vive voix pour un premier contact.<\/p>\t\t\t\t\t\t<\/div>\n\t\t\t\t<\/div>\n\t\t\t\t\t<\/div>\n\t\t<\/div>\n\t\t\t\t\t\t\t<\/div>\n\t\t<\/section>\n\t\t\t\t<section class=\"elementor-section elementor-top-section elementor-element elementor-element-63072a8 elementor-section-boxed elementor-section-height-default elementor-section-height-default\" data-id=\"63072a8\" data-element_type=\"section\">\n\t\t\t\t\t\t<div class=\"elementor-container elementor-column-gap-default\">\n\t\t\t\t\t<div class=\"elementor-column elementor-col-100 elementor-top-column elementor-element elementor-element-7bd371f\" data-id=\"7bd371f\" data-element_type=\"column\">\n\t\t\t<div class=\"elementor-widget-wrap elementor-element-populated\">\n\t\t\t\t\t\t\t\t<div class=\"elementor-element elementor-element-be05af4 elementor-widget elementor-widget-content_form_contact\" data-id=\"be05af4\" data-element_type=\"widget\" data-widget_type=\"content_form_contact.default\">\n\t\t\t\t<div class=\"elementor-widget-container\">\n\t\t\t<form action=\"http:\/\/devpresta.live-site.fr\/demo3\/wp-admin\/admin-post.php\" method=\"post\" name=\"content-form-be05af4\" id=\"content-form-be05af4\" class=\"ti-cf-module content-form content-form-contact content_form_contact\"><input type=\"hidden\" id=\"_wpnonce_contact\" name=\"_wpnonce_contact\" value=\"58afb21370\" \/><input type=\"hidden\" name=\"_wp_http_referer\" value=\"\/demo3\/wp-json\/wp\/v2\/pages\/225\" \/><input type=\"hidden\" name=\"action\" value=\"content_form_submit\" \/><input type=\"hidden\" name=\"form-type\" value=\"contact\" \/><input type=\"hidden\" name=\"form-builder\" value=\"elementor\" \/><input type=\"hidden\" name=\"post-id\" value=\"225\" \/><input type=\"hidden\" name=\"form-id\" value=\"be05af4\" \/><fieldset class=\"content-form-field-text elementor-column elementor-col-100\"><label for=\"data[be05af4][name]\" >Nom<span class=\"required-mark\"> *<\/span><\/label><input type=\"text\" name=\"data[be05af4][name]\" id=\"data[be05af4][name]\" required=\"required\"  placeholder=\"Name\"><\/fieldset><fieldset class=\"content-form-field-email elementor-column elementor-col-100\"><label for=\"data[be05af4][email]\" >Email<span class=\"required-mark\"> *<\/span><\/label><input type=\"text\" name=\"data[be05af4][email]\" id=\"data[be05af4][email]\" required=\"required\"  placeholder=\"Email\"><\/fieldset><fieldset class=\"content-form-field-number elementor-column elementor-col-100\"><label for=\"data[be05af4][phone]\" >T\u00e9l\u00e9phone<\/label><input type=\"text\" name=\"data[be05af4][phone]\" id=\"data[be05af4][phone]\"   placeholder=\"Phone\"><\/fieldset><fieldset class=\"content-form-field-textarea elementor-column elementor-col-100\"><label for=\"data[be05af4][message]\" >Message<span class=\"required-mark\"> *<\/span><\/label><textarea name=\"data[be05af4][message]\" id=\"data[be05af4][message]\"  required=\"required\" placeholder=\"Message\" cols=\"30\" rows=\"5\"><\/textarea><\/fieldset><fieldset class=\"submit-form contact\"><button type=\"submit\" name=\"submit\"  value=\"submit-contact-be05af4\" class=\"\">Envoyer<\/button><\/fieldset><\/form>\t\t<\/div>\n\t\t\t\t<\/div>\n\t\t\t\t\t<\/div>\n\t\t<\/div>\n\t\t\t\t\t\t\t<\/div>\n\t\t<\/section>\n\t\t\t\t\t\t<\/div>\n\t\t\t\t\t<\/div>\n\t\t","protected":false},"excerpt":{"rendered":"<p>Demandez un devis \u00a0 Pr\u00e9ciser les sections souhait\u00e9es sur la Home, si vous voulez un module sp\u00e9cifique (prise de RDV, Blog, &#8230;), et je vous adresserai un premier devis. Nous pourrons ajuster si besoin ou partir sur une version light quitte \u00e0 ajouter des fonctionnalit\u00e9s plus tard. Vous pouvez me laisser votre num\u00e9ro de t\u00e9l\u00e9phone&hellip;&nbsp;<a href=\"http:\/\/devpresta.live-site.fr\/demo3\/demande-de-devis\/\" class=\"\" rel=\"bookmark\">Lire la suite &raquo;<span class=\"screen-reader-text\">Demande de devis<\/span><\/a><\/p>\n","protected":false},"author":1,"featured_media":0,"parent":0,"menu_order":0,"comment_status":"closed","ping_status":"closed","template":"page-templates\/template-pagebuilder-full-width.php","meta":{"neve_meta_sidebar":"full-width","neve_meta_container":"","neve_meta_enable_content_width":"on","neve_meta_content_width":100,"neve_meta_title_alignment":"","neve_meta_author_avatar":"","neve_post_elements_order":"","neve_meta_disable_header":"","neve_meta_disable_footer":"","neve_meta_disable_title":"","_ti_tpc_template_sync":false,"_ti_tpc_template_id":"","spay_email":"","footnotes":""},"class_list":["post-225","page","type-page","status-publish","hentry"],"_links":{"self":[{"href":"http:\/\/devpresta.live-site.fr\/demo3\/wp-json\/wp\/v2\/pages\/225"}],"collection":[{"href":"http:\/\/devpresta.live-site.fr\/demo3\/wp-json\/wp\/v2\/pages"}],"about":[{"href":"http:\/\/devpresta.live-site.fr\/demo3\/wp-json\/wp\/v2\/types\/page"}],"author":[{"embeddable":true,"href":"http:\/\/devpresta.live-site.fr\/demo3\/wp-json\/wp\/v2\/users\/1"}],"replies":[{"embeddable":true,"href":"http:\/\/devpresta.live-site.fr\/demo3\/wp-json\/wp\/v2\/comments?post=225"}],"version-history":[{"count":8,"href":"http:\/\/devpresta.live-site.fr\/demo3\/wp-json\/wp\/v2\/pages\/225\/revisions"}],"predecessor-version":[{"id":236,"href":"http:\/\/devpresta.live-site.fr\/demo3\/wp-json\/wp\/v2\/pages\/225\/revisions\/236"}],"wp:attachment":[{"href":"http:\/\/devpresta.live-site.fr\/demo3\/wp-json\/wp\/v2\/media?parent=225"}],"curies":[{"name":"wp","href":"https:\/\/api.w.org\/{rel}","templated":true}]}}